 - h = -23. List the prime factors of z.
11
Suppose 0 = -2*n + 11 + 17. What are the prime factors of n?
2, 7
Let i = 146 - 76. What are the prime factors of i?
2, 5, 7
Suppose -5*q + d = 3*d - 198, 0 = -4*q + d + 161. Suppose -5*x + 10 = s, -4*s = -0*s + x - q. List the prime factors of s.
2, 5
Suppose 0 = b - 1 - 1. Let x(i) = -i**3 - 2*i**2 + i - 3. Let l be x(-3). Let y = l + b. List the prime factors of y.
5
Let y be -4*(-3)/4*1. Let m be (2 - 18)*(2 - y). Suppose m = -0*i + 2*i. What are the prime factors of i?
2
Suppose 120 = 3*s + 3*o, -159 = -4*s - o - 2*o. What are the prime factors of s?
3, 13
Let d be -3 + 6 + 1*2. Suppose -5*h + 2*o + 54 = 0, 0 = -3*h + d*o - o + 38. Suppose -5*r - 18 = z, r - h = 3*r. List the prime factors of z.
7
Let j be -2*(465/(-2))/(-5). Let b = -42 - j. List the prime factors of b.
3, 17
Let w = -6 + 14. Let n = w - 7. What are the prime factors of 6*(1/n - -2)?
2, 3
Let r(q) = q**2 + 7*q. What are the prime factors of r(-8)?
2
Suppose 0 = 3*m + 6 + 9. Let z = m + 10. Suppose -k + z + 2 = 0. List the prime factors of k.
7
Suppose 4*h + 3*d = 4*d + 227, -5*d - 15 = 0. What are the prime factors of h?
2, 7
Suppose 0 = -k - 2*k + 12. Suppose 0 = 2*v - k + 2. Suppose -o + 7 = -v. List the prime factors of o.
2
List the prime factors of 192/28 - 2/(-14).
7
Suppose -t - 2 = 2*y + 31, 0 = -3*y - 4*t - 52. Let o(f) = f - 11. Let z be o(7). Let q = z - y. What are the prime factors of q?
2, 3
List the prime factors of 1072/36 + 3/((-27)/(-2)).
2, 3, 5
Let j(c) = -c**3 + 7*c**2 + 9*c - 4. Let p be j(8). Suppose -4*r - 2*s + 134 = 0, -3*r + 5*s - 11 = -p*r. List the prime factors of r/8*2/3.
3
Let t(o) = o. Let w = -16 + 9. Let c be t(w). Let p(k) = k + 10. What are the prime factors of p(c)?
3
Suppose 0 = -8*k + 10*k - 160. What are the prime factors of k?
2, 5
Let j(k) = -4*k - 3. Suppose -4*r + 5 = -7. Let u be (1*r)/(0 - 1). List the prime factors of j(u).
3
Let s(c) = -65*c + 7. What are the prime factors of s(-3)?
2, 101
Let r(k) = -k**3 - 6*k**2 + 7*k + 5. Let t be (1 - 8)*(-2)/(-2). List the prime factors of r(t).
5
Suppose -6*h + 11*h = 0. What are the prime factors of (0 - 0) + h + 4?
2
What are the prime factors of 183 - (-1)/((-2)/(-6))?
2, 3, 31
Suppose -2*w + 60 = 2*c, 0 = 3*c + 5*w - 155 + 59. What are the prime factors of c?
3
Let i be ((-1)/3)/(3/9). Let v(d) = 5*d**2 - d - 1. Let h be v(i). Suppose h*b = -2*c + 6*c + 33, 4*c = -3*b + 7. What are the prime factors of b?
5
Suppose 3*s + 0*s = 5*q + 236, 2*s + 2*q - 168 = 0. What are the prime factors of s?
2, 41
Let y be (-23)/(-7) - (-4)/(-14). Let b be (28/(-6))/((-2)/y). Suppose -2*g + 7 + b = 0. What are the prime factors of g?
7
Suppose -3*v = 5*q - 88, q + 24 = 2*v - v. What are the prime factors of v?
2, 13
Let s(m) = -1 - 5 + m**2 + m**3 - 2*m + 4*m**2. List the prime factors of s(-4).
2, 3
Let x be -1*(0 + 1 - 6). Suppose -x*c - 20 = a - c, 0 = 5*a - 3*c + 31. Let d = a + 22. List the prime factors of d.
2, 7
Let l(s) = s**2 - 3*s + 8. List the prime factors of l(-6).
2, 31
Let k(i) be the first derivative of -4*i**2 - i - 1. List the prime factors of k(-3).
23
Suppose 3*x + 16 = -4*r - r, 2*x - 3*r - 21 = 0. Suppose x*n - 60 = -0*n. List the prime factors of n.
2, 5
Let i = -4 - 2. Let g = 33 + -26. Let v = g - i. List the prime factors of v.
13
Suppose 5 = 2*q + 1. Let v be 1/(-2)*2 + 11. Suppose -q*b + 8 + v = 0. What are the prime factors of b?
3
Suppose 44 = 2*b + 2. List the prime factors of b.
3, 7
Let c = 13 + -9. Suppose 26 = -c*w + 2*w. Let x = -7 - w. List the prime factors of x.
2, 3
Suppose 3*h = -z - h + 12, -5*h + 6 = -z. Let i = z + 0. Suppose 0 = 2*b - i*r - 50, 3*b + 76 = 7*b - 2*r. What are the prime factors of b?
17
Let r = 19 - -1. List the prime factors of r.
2, 5
What are the prime factors of -148*3/(-6)*1/2?
37
Suppose f - 4*f = 3. Let n be f/2*(-5 + -1). Suppose 0 = n*y - 4 - 8. List the prime factors of y.
2
Suppose 4 = -4*v - 3*t - 8, 0 = 2*v + 2*t + 6. What are the prime factors of (-4 - 6/v) + 8?
2, 3
Let b(a) = -a + 52. Let z be b(0). Suppose -3*t - 2*j = -70, 2*t + j - z = -3*j. List the prime factors of t.
2, 11
Suppose 0 = -0*z - 5*z + 130. List the prime factors of z.
2, 13
What are the prime factors of -1*(4/(-14) - (-970)/(-35))?
2, 7
Let v(y) = 2*y - 7. Let q be v(5). Suppose -65 = -5*r + f, q*r - 2*f - 15 = 17. What are the prime factors of r?
2, 7
Let f(n) = -4*n + 9. What are the prime factors of f(-9)?
3, 5
Suppose -3*y = 2*y - 345. What are the prime factors of y?
3, 23
Suppose -c + 7 = 4. Suppose c*z - 30 = -2*z. List the prime factors of z.
2, 3
Suppose -o - 3 = -2*o. Suppose 0 = -y - o*z - 9, -y + 2*z + 11 = -0*z. Suppose 3*k + 5*p - 35 = 0, k + 4*k - y*p = 13. What are the prime factors of k?
5
Let b(h) = h**2 - 4 + 4 + h + 4. Let o be b(0). Suppose -a + 56 = o*y, -2*y - 8 = 2*a - 30. List the prime factors of y.
3, 5
What are the prime factors of 1 + -22*(-1 - 1)?
3, 5
Let p(o) = -23*o**3. List the prime factors of p(-1).
23
Let v be ((-4)/(-5))/((-2)/(-10)). Suppose v*t + 4*k = 84, 2*k + 70 = 3*t + 2*t. Suppose -3 + 7 = -2*x, 4*c - t = 4*x. What are the prime factors of c?
2
Let n(a) = a**3 - 6*a**2 + 5*a - 5. Let i be n(4). Let x = -7 - i. What are the prime factors of x?
2, 5
Suppose -3 = 2*j - 2*r - r, -5*j + r = -12. Suppose -j*v = -v - 2. What are the prime factors of -1 + 2 + (6 - v)?
2, 3
Suppose 2*i + 5*u + 182 = 3*i, -3*u - 329 = -2*i. What are the prime factors of i?
157
Let t(j) = j + 10. Let y be t(-8). Suppose -13 = -5*s + y. Suppose 3*d + k = 8, -2*d + 5*k - 12 = -s*d. What are the prime factors of d?
2
Let k be -1 - -1 - (-5 + -2). Suppose -a + 39 = k. Let o = -23 + a. List the prime factors of o.
3
Suppose -6*g + 4*i = -g - 87, 5*g = -2*i + 69. What are the prime factors of g?
3, 5
Let p = -35 + 82. What are the prime factors of p?
47
Suppose -2*b - 2*b = 3*h - 624, -h - 2*b = -206. What are the prime factors of h?
2, 53
Let d(o) = 6*o - 21. List the prime factors of d(14).
3, 7
Let o(p) = -4*p + 11. List the prime factors of o(-8).
43
Let f = 77 + -54. What are the prime factors of f?
23
Let j = 19 - 10. Let k = 22 - j. What are the prime factors of k?
13
Let n(p) = 2*p**2 + 13*p + 1. Let u be n(-6). Let j(q) = q**3 + 4*q**2 - 5*q + 3. List the prime factors of j(u).
3
Let k be 7 - (-2)/(-1)*2. Suppose -k*v + 26 + 46 = 0. List the prime factors of v.
2, 3
Let u(h) = 8*h - 20. Let m(x) = 1 - 3*x + 2*x + 0*x. Let v(w) = 20*m(w) + u(w). What are the prime factors of v(-1)?
2, 3
Let q = -32 + 56. Let y be 18/q - (-21)/4. Suppose 0*d + y = 2*d. List the prime factors of d.
3
Let v(g) = -3*g**2 + g**3 + 4*g - 2*g**2 - 2*g**3 - g**2 + 4. What are the prime factors of v(-7)?
5
Suppose 3*j - j = 5*x + 92, -5*j + 288 = 2*x. What are the prime factors of j?
2, 7
List the prime factors of (31 - (2 + -1)) + 0/77.
2, 3, 5
Let a(l) = l**2 + 6*l + 7. Let s be a(-5). Let j be 6/24 - s/8. Suppose k + j = 4. List the prime factors of k.
2
Suppose -2*x - 2*x + 5*s + 46 = 0, 0 = 4*x + s - 34. What are the prime factors of x?
3
Let d(p) be the second derivative of p**4/12 - 3*p**3/2 + 4*p**2 + p. What are the prime factors of d(10)?
2, 3
Let c(q) = q**2 + 1. Let l be c(6). Suppose 5*n + s - 35 = 0, 5*s - l = -2*n - 0*s. List the prime factors of n.
2, 3
Let g = -15 - -22. What are the prime factors of g?
7
Let i = 126 - 25. List the prime factors of i.
101
Let i = 3 + -4. Let u be i/3 + 10/3. Let o = 7 - u. List the prime factors of o.
2
Let j be 5/(-10) - 1/2. Let g be (-4 + -1)*(-2 - j). Suppose 20 = g*y - y - 5*n, -4*y = -3*n - 28. What are the prime factors of y?
2, 5
Suppose 5*p - 22 = 178. Suppose -5*b + 10 = -p. What are the prime factors of b?
2, 5
Let h(a) = -a**2 - a + 2. Suppose -3*w + 2*w = 0. List the prime factors of h(w).
2
Let w = -19 - -63. List the prime factors of w.
2, 11
Let w = -5 - -5. Suppose w = 5*u - 15. Suppose -u*q = 3*d - 36, 3*d + 3*q - 45 = -d. List the prime factors of d.
3
Let w = 25 + -16. Let s(m) = -m - 6. Let o be s(0). List the prime factors of o/w + (-20)/(-3).
2, 3
Suppose -34 + 23 = -g. What are the prime factors of g?
11
Suppose 5*f = o + 15, 2*o = -f - 0*o - 8. Let m be 5*2*1/f. Suppose -m = -g + 3. What are the prime factors of g?
2
Let t(w) = 5*w - 6 